its digit of 1272867?
7
What is the hundred thousands digit of 306819?
3
What is the units digit of 5043665?
5
What is the hundred thousands digit of 105535?
1
What is the units digit of 2518046?
6
What is the ten thousands digit of 80541?
8
What is the thousands digit of 1186248?
6
What is the hundred thousands digit of 295154?
2
What is the units digit of 542021?
1
What is the units digit of 218266?
6
What is the thousands digit of 47546?
7
What is the units digit of 140159?
9
What is the thousands digit of 16590518?
0
What is the hundreds digit of 29141327?
3
What is the thousands digit of 65238?
5
What is the ten millions digit of 12963852?
1
What is the units digit of 7209843?
3
What is the thousands digit of 224300?
4
What is the units digit of 859555?
5
What is the hundred thousands digit of 176748?
1
What is the millions digit of 1663677?
1
What is the hundreds digit of 8891535?
5
What is the tens digit of 4059750?
5
What is the ten thousands digit of 632269?
3
What is the hundreds digit of 438344?
3
What is the ten thousands digit of 588346?
8
What is the ten thousands digit of 3455943?
5
What is the units digit of 6082766?
6
What is the ten thousands digit of 1632965?
3
What is the tens digit of 2973500?
0
What is the hundreds digit of 353865?
8
What is the hundreds digit of 443002?
0
What is the ten thousands digit of 67213?
6
What is the hundreds digit of 10718184?
1
What is the hundreds digit of 948462?
4
What is the hundreds digit of 9484441?
4
What is the tens digit of 9095596?
9
What is the thousands digit of 18942583?
2
What is the ten thousands digit of 6678847?
7
What is the thousands digit of 651825?
1
What is the hundred thousands digit of 7205785?
2
What is the thousands digit of 1049730?
9
What is the thousands digit of 2157714?
7
What is the millions digit of 11749716?
1
What is the hundred thousands digit of 4848718?
8
What is the millions digit of 2799539?
2
What is the tens digit of 21209368?
6
What is the thousands digit of 39421?
9
What is the hundreds digit of 382093?
0
What is the tens digit of 779677?
7
What is the tens digit of 1963404?
0
What is the tens digit of 190513?
1
What is the millions digit of 7225443?
7
What is the units digit of 21945076?
6
What is the hundred thousands digit of 3532995?
5
What is the tens digit of 710911?
1
What is the tens digit of 6458440?
4
What is the hundred thousands digit of 8830386?
8
What is the ten thousands digit of 13879936?
7
What is the millions digit of 1439922?
1
What is the thousands digit of 1212221?
2
What is the units digit of 469639?
9
What is the hundred thousands digit of 260491?
2
What is the hundreds digit of 1106846?
8
What is the millions digit of 33875217?
3
What is the millions digit of 8076386?
8
What is the hundreds digit of 926116?
1
What is the hundreds digit of 217732?
7
What is the ten millions digit of 17602627?
1
What is the ten thousands digit of 207254?
0
What is the tens digit of 3965868?
6
What is the hundred thousands digit of 30559527?
5
What is the units digit of 2011452?
2
What is the units digit of 642187?
7
What is the tens digit of 67421?
2
What is the tens digit of 1932748?
4
What is the ten thousands digit of 971051?
7
What is the units digit of 9520362?
2
What is the ten thousands digit of 658987?
5
What is the hundred thousands digit of 10972040?
9
What is the units digit of 89698?
8
What is the hundred thousands digit of 376707?
3
What is the units digit of 5003976?
6
What is the tens digit of 12473803?
0
What is the hundreds digit of 1837402?
4
What is the hundred thousands digit of 284281?
2
What is the millions digit of 3838865?
3
What is the ten thousands digit of 1938502?
3
What is the hundred thousands digit of 500032?
5
What is the millions digit of 3787220?
3
What is the hundreds digit of 1978922?
9
What is the hundred thousands digit of 1509228?
5
What is the thousands digit of 8966484?
6
What is the hundred thousands digit of 183143?
1
What is the millions digit of 6339504?
6
What is the millions digit of 9570340?
9
What is the hundred thousands digit of 5274424?
2
What is the millions digit of 1171128?
1
What is the thousands digit of 1676483?
6
What is the ten thousands digit of 523157?
2
What is the units digit of 93566?
6
What is the thousands digit of 1027321?
7
What is the hundred thousands digit of 26307264?
3
What is the units digit of 6401599?
9
What is the hundreds digit of 2680519?
5
What is the units digit of 301039?
9
What is the units digit of 326635?
5
What is the hundred thousands digit of 112492?
1
What is the hundreds digit of 7672?
6
What is the hundred thousands digit of 14312988?
3
What is the hundreds digit of 490635?
6
What is the hundreds digit of 690447?
4
What is the millions digit of 4654463?
4
What is the ten thousands digit of 9876471?
7
What is the units digit of 93092?
2
What is the ten thousands digit of 471630?
7
What is the tens digit of 474944?
4
What is the hundreds digit of 116159?
1
What is the units digit of 7285523?
3
What is the tens digit of 9286130?
3
What is the tens digit of 7417237?
3
What is the millions digit of 2198084?
2
What is the ten thousands digit of 2558583?
5
What is the ten thousands digit of 3627289?
2
What is the tens digit of 15917897?
9
What is the hundreds digit of 106666?
6
What is the hundred thousands digit of 517600?
5
What is the units digit of 193024?
4
What is the tens digit of 8117252?
5
What is the tens digit of 305268?
6
What is the units digit of 16213384?
4
What is the tens digit of 254723?
2
What is the hundred thousands digit of 294159?
2
What is the hundred thousands digit of 5760391?
7
What is the thousands digit of 168149?
8
What is the hundred thousands digit of 401261?
4
What is the thousands digit of 12364144?
4
What is the millions digit of 4992938?
4
What is the hundreds digit of 572846?
8
What is the units digit of 630726?
6
What is the ten thousands digit of 109669?
0
What is the hundred thousands digit of 3087825?
0
What is the tens digit of 368501?
0
What is the units digit of 293015?
5
What is the units digit of 914164?
4
What is the tens digit of 1109523?
2
What is the ten thousands digit of 1475941?
7
What is the millions digit of 27018371?
7
What is the thousands digit of 33591285?
1
What is the units digit of 2376928?
8
What is the ten thousands digit of 196177?
9
What is the ten thousands digit of 175663?
7
What is the tens digit of 13042?
4
What is the thousands digit of 15384?
5
What is the thousands digit of 741909?
1
What is the thousands digit of 1779043?
9
What is the units digit of 3315348?
8
What is the tens digit of 286571?
7
What is the hundreds digit of 5861777?
7
What is the tens digit of 774649?
4
What is the hundreds digit of 2577695?
6
What is the ten millions digit of 32287556?
3
What is the millions digit of 5395549?
5
What is the thousands digit of 10121647?
1
What is the hundreds digit of 416856?
8
What is the units digit of 4395347?
7
What is the ten thousands digit of 242938?
4
What is the hundreds digit of 16188748?
7
What is the hundreds digit of 10571784?
7
What is the hundred thousands digit of 7002357?
0
What is the tens digit of 7501866?
6
What is the ten thousands digit of 237753?
3
What is the hundred thousands digit of 5253401?
2
What is the ten thousands digit of 492443?
9
What is the thousands digit of 7600943?
0
What is the tens digit of 712137?
3
What is the units digit of 13163147?
7
What is the thousands digit of 3594531?
4
What is the units digit of 438673?
3
What is the units digit of 4043378?
8
What is the millions digit of 1384792?
1
What is the hundred thousands digit of 1280668?
2
What is the hundred thousands digit of 8258855?
2
What is the hundreds digit of 1751973?
9
What is the tens digit of 1767869?
6
What is the millions digit of 2700452?
2
What is the hundred thousands digit of 211139?
2
What is the hundred thousands digit of 1602033?
6
What is the hundred thousands digit of 6028843?
0
What is the thousands digit of 22855?
2
What is the hundreds digit of 613014?
0
What is the units digit of 6614178?
8
What is the hundreds digit of 12334031?
0
What is the units digit of 151313?
3
What is the thousands digit of 2916029?
6
What is the thousands digit of 16244041?
4
What is the